?
False
Suppose -5*v - 2 - 3 = 0. Is (v - -6)*(90 - -11) a prime number?
False
Let j(l) = 1 - 14 - 10*l + 3*l - 4*l + 18*l**2. Is j(-6) a composite number?
False
Let q(n) = -n**3 - 12*n**2 - 9*n - 25. Is q(-12) a prime number?
True
Is 8514 + -11 - 2/1 a composite number?
False
Suppose -7*c + p - 64 = -2*c, 3*p = 12. Is ((-8)/c)/(6/5085) prime?
False
Let u(i) = i**2 + 7*i + 2. Let y be u(-6). Let c(w) be the third derivative of -7*w**4/12 - 5*w**3/6 - 16*w**2. Is c(y) a composite number?
True
Let u = 13 + -8. Suppose 33 = -y - 5*t + 12, -3*y + u*t = -37. Suppose 2*m - 265 = -5*x - 0*m, -y*m - 20 = 0. Is x a prime number?
False
Suppose 0 = 5*f + 337 + 483. Let c = f + 233. Is c a prime number?
False
Let w be -2*(-4)/16*2. Let y(z) = 4*z**3 + z**2 - 1. Let x be y(w). Suppose x*o = s - 3*s + 1278, 4*s = 4*o - 1272. Is o a prime number?
False
Let i(m) = m**2 - 11*m + 16. Let d be i(10). Suppose 24 - 6 = 2*n. Suppose -174 = d*p - n*p. Is p a prime number?
False
Let l = -1639 - -3276. Is l composite?
False
Let n(g) = g**3 - 28*g**2 + 66*g - 29. Is n(34) prime?
True
Let b(p) = 2*p**3 - 3*p**2 - 8*p + 10. Let a(m) = -5*m. Let x be a(-1). Is b(x) composite?
True
Let r = 233 - 119. Suppose -111*n - 17337 = -r*n. Is n a prime number?
True
Let n(j) = 4*j**3 - 23*j**2 - j - 89. Is n(16) prime?
True
Let y(b) = -4*b**3 + b**2 + 52*b - 50. Is y(-13) composite?
False
Suppose 0 = -10*c + 14*c - 32. Let a(n) = 2*n**3 - 6*n**2 + 3*n + 9. Is a(c) composite?
False
Let a = -43 - -318. Suppose 3*p - 165 = -3*n, 6*n = n + 2*p + a. Suppose -2*v - n = -291. Is v a composite number?
True
Is 2803*(-4 - -3)*1*-13 composite?
True
Suppose -n + 4409 = -444. Is n a composite number?
True
Let j(c) = 981*c + 45. Let g(u) = 196*u + 9. Let t(a) = 11*g(a) - 2*j(a). Is t(10) prime?
True
Suppose 4*d = 7*d - 12. Suppose -4*u - d*u + 32 = 0. Suppose 4*k = 6*k - u*n - 390, 3*k + 2*n = 617. Is k composite?
True
Let o(g) = 20*g + 3 - 18*g + g**2 + 1. Let s be (0 + -1)/(7/(-21)). Is o(s) a composite number?
False
Let c(u) = u**2 - 15*u + 2305. Is c(0) a prime number?
False
Suppose -3*f = -2*o + 57, -3*f - 3 + 0 = 0. Is 2687/4 + o/(-36) composite?
True
Let q(w) = 141*w**3 + 2*w**2 + 24*w - 66. Is q(7) composite?
False
Let r be (0 + -1)*16/(-8). Suppose -2*k + 202 = -5*z - 1817, 0 = 2*z + r. Is k a prime number?
False
Let c(l) = -11*l**3 - 3*l**2 + l + 25. Is c(-6) a composite number?
False
Let k(x) = 59*x**2 - 10*x + 7. Is k(2) prime?
True
Let q(z) = z**2 - 2*z - 6. Let v(x) = -2*x**2 + 5*x + 12. Let c(j) = 5*q(j) + 3*v(j). Let l be c(6). Suppose l = 2*r, a - 182 = -a + r. Is a prime?
False
Suppose -3*a - 15 = 2*a, g = 3*a + 6986. Is g a composite number?
False
Let m(i) = 40*i**2 - 18*i + 97. Is m(35) a composite number?
True
Let n = 4144 + -2069. Let p(a) = -59*a**2 + 296*a - 1. Let q be p(5). Suppose m = -q*m + n. Is m composite?
True
Let a be 2 - -3 - (-2 - -4). Let j be 0 - (-4 + -1 + a). Is (-1)/(j/4) + 39 a prime number?
True
Suppose 2*r = -0*r + 36. Let o = r - 19. Is 163 - ((-3)/o + -3) a composite number?
False
Let p(u) = u**3 + 8*u**2 - u - 5. Let j be p(-8). Let x = 69 - -23. Is j/(-2 - (-188)/x) prime?
False
Let x(i) = i**3 - 10*i**2 + 2*i - 15. Let h be x(10). Suppose -v + 4*k = -10973, 4*k = h*v - k - 54865. Is v a prime number?
True
Let z(o) = 33*o**2 + 27*o - 223. Is z(7) prime?
True
Let q = -34 + 50. Is 3009/12 - (-4)/q a composite number?
False
Let j = 30249 + -8062. Is j a prime number?
False
Suppose 3*x - 3106 = 6188. Suppose -390 = 4*l - x. Is l a prime number?
True
Let v = 14648 - 8049. Is v composite?
False
Let y = 37 - -23. Suppose 0 = -q - 788 - y. Let d = q - -1435. Is d a prime number?
True
Suppose 2*d = 6*d - 4. Suppose d + 3 = r. Suppose 2*n = 8 - 18, -2*f + r*n = -550. Is f prime?
False
Suppose -2*u + 6 = u. Suppose -u*x + 3*f + 8 = -3, -4*f - 20 = -4*x. Suppose -x*c - c = -645. Is c composite?
True
Let q = -137 + 762. Suppose 2*g + 4*t - 1214 = 0, -2*g - 4*t = -3*g + q. Is g composite?
False
Let s(h) = 16*h + 27. Suppose 3*j - 6*j = t - 136, t - 46 = -j. Let i = j + -26. Is s(i) a prime number?
True
Let z(w) = 72*w - 4. Let n be z(16). Suppose 4*a - 2*o - n = 0, -2*o - 3*o = -3*a + 861. Is a composite?
True
Let j = 6169 + -4226. Is j prime?
False
Let a be ((-572)/(-10))/((-545)/(-550) - 1). Is a/(-6) + (-18)/(-54) composite?
False
Let b be (-191*2/6)/(23/138). Let n = -201 - b. Is n prime?
True
Suppose -14 = -3*n - 266. Let r be (0 + -2)/(-2) - n. Suppose 4*h - r = 7. Is h composite?
False
Suppose 0*q = -4*l - 5*q + 9243, l - 2322 = q. Is l composite?
True
Let u(q) = 2*q**2 - 11*q + 20. Is u(9) a composite number?
False
Suppose -4*z - 1169 = -q - 3*z, 0 = 3*q - 4*z - 3504. Let h = q + -651. Is h composite?
False
Let g = 10 + -5. Let j(l) = 151*l - 1. Let q be j(g). Suppose 3*a + q = 3*k + 2*k, -k + 5*a = -164. Is k a composite number?
False
Let f be 6/(-8)*(575 + -3). Let u = 1617 + f. Suppose 0 = 3*p - 4*c - 895, -4*p - 4*c - u = -8*p. Is p a composite number?
False
Let n(f) = -7*f - 4. Suppose -14 = 5*r + 1. Let g be n(r). Let o = 28 - g. Is o prime?
True
Suppose 0*b + 1 = b. Let l be b/3*(5 + -5). Suppose -4*n + 9*n - 255 = l. Is n prime?
False
Let h(v) be the third derivative of -v**6/120 + v**5/10 - v**4/8 - 7*v**3/6 - 3*v**2. Let j be h(5). Suppose 0 = j*n - 165 - 36. Is n a prime number?
True
Let t be (135/6)/(-5)*12/(-18). Is 584 - ((3 - t) + 3) composite?
True
Is 14*(-2)/(-4) - -17392 composite?
True
Let b be ((-2)/(-4))/(17/3196). Suppose 1535 = v + b. Is v a prime number?
False
Let y = -34 - -49. Suppose -95 = -4*h + 3*q, 5*q = -h + 9 + 9. Suppose y = c - h. Is c a prime number?
False
Let l(w) = 2*w**2 + 4*w + 3. Let s be l(-2). Let p be 3*(16/(-4) - 28/(-6)). Suppose p*v = s*v - 161. Is v prime?
False
Let y = -28 - -33. Suppose -4*k + 662 = 2*h - 532, y*h = -3*k + 2971. Is h a composite number?
False
Suppose -10*k + 5*k = -645. Let y be -1 - (6/(-1) + 1). Is (y - 1) + -5 + k composite?
False
Let l(o) = o**2 + 7*o - 13. Let f be l(-9). Is (-118)/4*(-3 + f + -4) a prime number?
True
Suppose 4160 = 2*t + 2*w, 3*t + 5*w - 4210 = 2028. Is t a composite number?
False
Let j(v) = 3*v**2 - 5*v - 51. Let l(m) = m**2 - 9*m - 8. Let n be l(7). Is j(n) prime?
True
Let k be (-1 + 3)/((-2)/(-4)). Suppose -2 = -5*d - 2*o, 5*d - k*o - 16 = 10. Suppose 38 = 4*f - d*f. Is f a composite number?
False
Let r = -15 - -15. Suppose 5*g - 7859 + 1004 = r. Suppose 4*d + 287 = g. Is d a composite number?
False
Suppose 2*v = 2, v = -2*h + 722 + 657. Suppose -719 = -2*x + 1333. Suppose -h = -2*p + 5*z - 0*z, 5*z + x = 3*p. Is p a composite number?
False
Let u = 14 + -14. Suppose 0 = -a + 5*g + 84, 4*a - 5*g + u*g - 396 = 0. Let n = -45 + a. Is n composite?
False
Suppose 4*g = -3*v - 65 - 101, 0 = 3*v - 4*g + 158. Is (-14490)/v + (-2)/(-3) + 0 prime?
True
Let f(z) = z + 22 - 9 + 2*z**2 - 6 - 4. Is f(5) prime?
False
Is (23/(-115))/(-2*3/167730) prime?
True
Let n(d) = -4*d**3 - 38*d**2 - 11*d - 6. Is n(-19) a prime number?
True
Let w be (0 + 1)/((-2)/(-338)). Let i = -105 + w. Suppose 0 = -4*h + i + 76. Is h composite?
True
Let i be 24*(-2 - -14)/(-2). Let h = -77 - i. Is h prime?
True
Let o(f) = -496*f - 541. Is o(-6) composite?
True
Let j(f) = -289*f**3 - f**2 - 2*f. Let p(h) = -579*h**3 - h**2 - 3*h. Let b = -30 - -25. Let u(m) = b*j(m) + 3*p(m). Is u(-1) prime?
True
Let d(a) = a**2 - 5*a + 5. Let n be d(4). Is (1 - (-3777)/n)*(-1)/(-2) a prime number?
True
Let x be -2 + 35*4 + 0. Suppose -2*i + 4*i = -5*y + x, -345 = -5*i - y. Is 7*((-2 - 0) + i) prime?
False
Suppose -19 = 5*x + 3*o, 0 = -5*x - 0*x - 4*o - 17. Let m be 1*2 + (161 - x). Let g = m - 19. Is g composite?
False
Let p(l) = 974*l**2 + 4*l - 4. Let r be p(1). Suppose 41 + r = 5*g. Is g a prime number?
False
Let o(s) = s**2 + 8*s - 3. Let x be o(-9). Let w(y) = 1 + 12*y - x - 2. Is w(14) prime?
False
Let d(h) = -663*h - 4. Is d(-7) a prime number?
True
Let z = 827 + -198. Is z a composite number?
True
Let f be (297/54)/(1/2 - 1). Let q(x) = -x**3 + 3*x**2 + 27*x + 2. Is q(f) a prime number?
True
Suppose f - 5*x - 6 - 17 = 0, -14 = 2*f + 5*x. Suppose f*l + 2303 = 10*l. Is l a composite number?
True
Suppose 29*z = -5*z + 831742. Is z composite?
True
Let y(h) = -h**2 + 6*h + 8. Let i be y(6). Let x(t) = -t**3 - 14*t**